he greatest common divisor of j and 40?
8
Let k(b) = 23*b**2 + 5*b + 9. Let c be k(-2). Let j be -2 - ((-1 - -3) + -17). Calculate the highest common divisor of j and c.
13
Let y = 335 - 180. What is the greatest common divisor of y and 62?
31
Suppose 0 = -5*m, -4*m = -3*o + 6 + 6. Let u be (1/2)/(2/16). Suppose -4*q - o*h + 26 = h, 0 = u*q - 3*h - 10. What is the greatest common factor of 10 and q?
2
Let w = 34 + -15. Let k = -8 - -27. Calculate the highest common divisor of w and k.
19
Suppose -n - 5*v = 1, 2*n + n = -4*v + 19. Let p(b) = -b**2 + 8*b + 11. Let i be p(n). What is the highest common divisor of i and 5?
1
Let w(t) = t**3 + 2*t + 31. Let u be (-1)/2*(-12 - -12). Let o be w(u). Calculate the greatest common factor of o and 31.
31
Suppose 5*m - 4*p + 6*p - 1149 = 0, 2*m - 456 = -2*p. What is the highest common factor of m and 33?
33
Let d = -4 - -7. Suppose -8*m + 427 = -m. Suppose d*i = -5*v + m, -4*i = 8 + 4. What is the highest common factor of v and 14?
14
Let p be 107/4 - (-24)/(-32). Calculate the greatest common factor of 78 and p.
26
Suppose 7*b = 8*b - 25. Calculate the highest common divisor of 10 and b.
5
Let z(r) = r**2 + 9*r + 4. Let f be z(-7). Let y(g) = -23*g + 1. Let k be y(f). Suppose -10 = -q + 11. What is the highest common divisor of q and k?
21
Suppose -57 = -4*x + 5*k, 4*x = -7*k + 2*k + 7. Let z be -2 + (-1 - 81/(-3)). What is the highest common divisor of x and z?
8
Suppose 0 = i + 2 - 19. Let b = -27 + i. Let m be (-4)/(-10) + (-36)/b. Calculate the greatest common factor of m and 10.
2
Let d(p) = -p + 11. Let c be d(-9). Calculate the highest common factor of 40 and c.
20
Let v be (-12)/2*(-63)/14. What is the greatest common divisor of v and 18?
9
Let s(n) = -n**3 + 8*n**2 + 9*n + 4. Let y be s(9). Let j be (0 - 0) + (-32)/(-2). Calculate the highest common divisor of y and j.
4
Suppose 2*k - 95 = -2*t - 3*k, 0 = -4*t - 4*k + 160. Let v = t + -23. Let c = 2 + 1. What is the greatest common factor of c and v?
3
Let d be 4/(-2) - -23 - 0. Calculate the highest common factor of 14 and d.
7
Let v be 4*6*4/6. Suppose 3*p = 3*u, 5*p - v + 6 = -5*u. Let r = p - -1. What is the greatest common divisor of r and 18?
2
Let m be (28/(-8))/7*-70. What is the highest common divisor of 14 and m?
7
Suppose n + 308 = 2*n. Calculate the highest common factor of 28 and n.
28
Let v = 37 - 22. Suppose -v - 45 = -4*x. Calculate the highest common divisor of 15 and x.
15
Let z be (24/(-10))/(9/(-120)). Calculate the highest common factor of z and 352.
32
Let m(s) = 2*s**2 + 15*s - 17. Let x be m(-12). Calculate the highest common divisor of x and 13.
13
Let m be (1 - -4) + (1 - 0). Let p be m*2*(-4)/(-8). What is the greatest common factor of 4 and p?
2
Let z = 8 + -6. Suppose 12 = -2*q + z. Let y(i) = i**3 + 6*i**2 + 6*i + 7. Let h be y(q). Calculate the greatest common factor of 8 and h.
2
Suppose -36 - 180 = -2*m. Calculate the greatest common divisor of 12 and m.
12
Suppose 0 = 3*w + 2*b + b - 12, b + 4 = 3*w. Suppose -5 = w*j - 7. What is the highest common divisor of j and 9?
1
Let z = 106 + -68. What is the greatest common divisor of 114 and z?
38
Let d be (-22)/1*6/(-12). Let j = d - 5. What is the highest common divisor of 12 and j?
6
Let t be 1 + 2 + 12*1. Let l be t/(-1)*2/(-3). Calculate the highest common factor of 110 and l.
10
Suppose 0*j + 2*i = -j - 7, -4*j + 2 = 2*i. Suppose -j*f + 6*f = 15. Suppose -2*x + 0 = -w - 2, -2*x = w - 6. Calculate the greatest common factor of f and w.
1
Let h(p) = -8*p + 3. Let o be h(-4). Let v be 12/2 - 3/3. What is the highest common divisor of o and v?
5
Let t = 36 + -9. Suppose -2*n = 10, 53 = 2*r + 5*n - 192. Calculate the highest common divisor of r and t.
27
Let q = 74 + -52. Calculate the greatest common divisor of q and 110.
22
Suppose -2*i - 22 + 0 = 0. Let o = 8 + i. Let y be (2 + 14/o)*-3. What is the highest common divisor of 12 and y?
4
Suppose -2*i - i + 2*t + 15 = 0, 4*t = i + 5. Let v be 416/i + 32/56. Suppose 3*y - 24 = 2*y. Calculate the greatest common factor of v and y.
12
Let i = 3 + -1. Let z be (-3 + 1)*(7 + -5). Let b = i - z. What is the highest common factor of b and 24?
6
Let x = -14 + 7. Let n be x/2*(-6)/(-1). Let w be (-1)/(-3)*(6 - n). Calculate the highest common factor of w and 72.
9
Suppose o - 8 - 5 = 0. Suppose d = -0*d + 26. Calculate the greatest common divisor of o and d.
13
Suppose 83 + 117 = 8*n. What is the greatest common factor of n and 5?
5
Let o = 45 - 23. Suppose 0*b - b + 2 = 0. What is the greatest common factor of o and b?
2
Let k(j) = j**3 + 6*j**2 + 2*j + 5. Let p be k(-6). Let x(r) = r**3 + 7*r**2 - 7*r - 1. Let t be x(p). Calculate the highest common divisor of 12 and t.
12
Let w = -5 + 7. Suppose -w*g + 12 = -5*g. Let y be g/(-14) + (-192)/(-14). Calculate the highest common factor of y and 154.
14
Suppose -4*u = -3*t + 90, 5*t - 2*u - 172 = -22. Let f be (-3 - 0)*(-20)/6. Calculate the highest common divisor of f and t.
10
Suppose 5*j + 65 = -5*u, 4*u = -2*j + 5*u - 26. Let s = j + 25. What is the greatest common divisor of 48 and s?
12
Let y(i) = 2*i**2 + 2*i - 4. Let k be y(-3). Suppose -5*s + 2 + 28 = 0. Let o = 14 - s. What is the greatest common factor of o and k?
8
Suppose 5*p + 5*q - 5 = 0, 0 = -p + 5*q + 9 + 16. Calculate the greatest common factor of p and 5.
5
Let c(g) = -g**2 - 4*g. Let r be 30/(-9) + 3/9. Let n be c(r). What is the greatest common factor of 33 and n?
3
Let x(m) = -m**2 - m. Let s be x(0). Let r be s + 11 + (1 - 2). What is the highest common divisor of r and 70?
10
Suppose -5*k - 1082 + 367 = 0. Let y(z) = 76*z**3 - z**2 + z + 1. Let f be y(-1). Let t = f - k. What is the greatest common divisor of t and 44?
22
Let y(i) = i + 11. Let f be y(-6). Suppose f*x = 5*p - 20, 0 = p - 3*p - 2*x + 28. Suppose -41 = -t - p. Calculate the greatest common factor of 8 and t.
8
Suppose 3*i - 2 = -4*b - 4, 5*b + 1 = -3*i. Calculate the greatest common factor of b and 25.
1
Suppose 0 = 4*y + 4*o - 72, 5*y - 4*o + o = 90. Calculate the highest common divisor of 126 and y.
18
Let v = -7 - -18. Let f = -36 + 69. Calculate the greatest common divisor of f and v.
11
Let d be 206 - (-1)/3*-9. What is the greatest common divisor of 29 and d?
29
Let n be (-6)/4*740/(-30). What is the highest common divisor of n and 185?
37
Suppose 0 = -5*n + 4*n + 294. What is the greatest common divisor of 42 and n?
42
Let q = 108 - 72. Calculate the highest common factor of 12 and q.
12
Let q(w) be the second derivative of 5/2*w**2 - 4/3*w**3 - w + 0 - 1/12*w**4. Let c be q(-5). Calculate the greatest common divisor of c and 50.
10
Let m(k) = 5 - 5*k**2 + 7*k + 7*k**2 + 0*k + 0*k**2. Let w be m(-6). Suppose 0 = -3*h + 16 - 1. Calculate the highest common divisor of w and h.
5
Let t(a) = -4*a + 42. Let q be t(-7). Calculate the greatest common divisor of 175 and q.
35
Let a be (4 - -3)*(-12)/(-7). What is the highest common divisor of 30 and a?
6
Suppose -2*d - 4 = -3*a - 5, -2*a + d = 0. Let x = 11 + 7. Suppose 3*o - 13 = 3*p - 5*p, 2*o - 4*p = -x. What is the greatest common factor of o and a?
1
Suppose 4*y = -4*v + 144, 3*y + 81 + 63 = 4*v. Calculate the greatest common factor of 27 and v.
9
Let g(j) = j**3 - 6*j**2 - 6*j - 1. Let p be g(7). Suppose 5*y = 4 + p. Calculate the highest common factor of y and 5.
1
Let m = 62 + -57. What is the highest common factor of m and 40?
5
Let n(g) = g**3 + 3*g**2 + 3*g + 2. Let y be n(-2). Let w(s) = -s - 1. Let i be w(-9). Suppose 2*u - i + y = 0. What is the highest common factor of u and 20?
4
Let l(y) = -y**2 - 3*y - 3. Let g be l(-3). Let z be 13 + 3*g/3. Calculate the greatest common factor of 25 and z.
5
Suppose 9 = 4*h - h. Suppose 0 = h*n + 12 - 48. Suppose 4*w - 90 = w. Calculate the highest common factor of n and w.
6
Let j(k) = 4*k - 20. Let n be j(10). Calculate the greatest common factor of n and 5.
5
Let z(q) = 13*q**2 - q. Let o be z(3). Let k = o + -58. Let x(u) = -u**3 + 6*u**2 - 3*u - 4. Let h be x(3). What is the highest common factor of k and h?
14
Let v(p) = p + 5. Suppose -u = 3*u - 20. Let g be v(u). Suppose 20 = -2*t + 4*t. Calculate the highest common divisor of t and g.
10
Let k(w) = -w**3 - 4*w**2 + 2. Let l(x) = -2*x**3 - 8*x**2 + 4. Let m(o) = -9*k(o) + 4*l(